e 15) in base 12?
-81120
-322112333 (base 4) to base 3
-110010220022
Convert -30890 (base 12) to base 9.
-106050
-3678ab9 (base 12) to base 9
-21863216
What is -123122300 (base 5) in base 4?
-2102012302
What is -2000222200120 (base 3) in base 7?
-12125334
Convert 103133110 (base 5) to base 7.
3523161
What is -11001000101101000110 (base 2) in base 15?
-1138ab
-200243322 (base 5) to base 4
-3000332332
Convert 20101011100000 (base 3) to base 16.
33b4db
What is -1169a3 (base 14) in base 3?
-1010012122122
21962 (base 11) to base 3
1121120200
What is 28182 (base 12) in base 14?
16350
What is -94c0a4 (base 16) in base 7?
-145601463
What is -214625666 (base 7) in base 2?
-110001010101000101110010
-63824d (base 14) to base 6
-200040513
What is 388618 (base 10) in base 12?
168a8a
Convert -14816526 (base 9) to base 3.
-111220120120220
What is -1a17a52 (base 11) in base 10?
-3407296
What is -113103241 (base 5) in base 2?
-1111110110000011100
-300020300 (base 4) to base 3
-101000110112
-10323312321 (base 4) to base 12
-524849
What is -25830 (base 12) in base 4?
-30201210
Convert 50661 (base 16) to base 5.
41014223
Convert 5042244 (base 6) to base 3.
110010211201
136145 (base 10) to base 3
20220202102
-10212001221 (base 3) to base 6
-1343124
What is 1122102222012 (base 3) in base 7?
10302242
-2101133001 (base 5) to base 7
-51462363
Convert -126229 (base 15) to base 2.
-11010111001011010100
Convert 31105402 (base 7) to base 11.
1520749
1030601 (base 7) to base 5
13001042
Convert -ca1b71 (base 14) to base 10.
-6843047
Convert -1744112 (base 9) to base 14.
-1b4d80
What is 3222332033 (base 4) in base 7?
11115653
What is 2ad71 (base 16) in base 15?
36ed3
-a297a2 (base 12) to base 13
-6b20b8
What is -17338075 (base 9) in base 15?
-b6e75b
1c946 (base 16) to base 11
7aa50
-80565 (base 11) to base 8
-346054
What is -90d99 (base 16) in base 10?
-593305
What is 230b01 (base 12) in base 16?
89131
Convert 143135 (base 9) to base 16.
15629
Convert -1421031 (base 6) to base 10.
-80587
Convert 1111120222110 (base 3) to base 10.
798969
565640 (base 7) to base 2
11000100001111110
What is -1205336 (base 7) in base 13?
-5492c
Convert 203221211 (base 4) to base 10.
146021
732326 (base 8) to base 6
5112314
Convert -401b (base 15) to base 16.
-34d6
What is 12014044 (base 5) in base 3?
12121121111
What is 687162 (base 9) in base 4?
1210211312
What is -452251 (base 7) in base 13?
-2a58c
Convert 73693 (base 11) to base 9.
173171
Convert 40ac82 (base 15) to base 14.
5a0408
1187634 (base 9) to base 3
1012221201011
-2800468 (base 9) to base 15
-205025
10111001001111000011111 (base 2) to base 4
113021320133
-2361643 (base 8) to base 10
-648099
-79945 (base 12) to base 14
-430b3
Convert -4412044 (base 6) to base 12.
-a7024
What is -cfc2 (base 16) in base 12?
-26942
Convert 12022220222 (base 3) to base 11.
71913
Convert 4211552 (base 6) to base 5.
23011100
What is 11111122112 (base 4) in base 7?
14613014
What is -5300363 (base 7) in base 6?
-21405402
Convert 94317 (base 14) to base 5.
42413304
653720 (base 8) to base 13
7894c
What is -a57941 (base 13) in base 5?
-1442411223
Convert -b9c6a5 (base 13) to base 2.
-10000101010100110010001
-133112111 (base 4) to base 10
-128405
What is -309dd (base 15) in base 9?
-254351
What is 221011212010 (base 3) in base 9?
834763
-4534752 (base 8) to base 4
-10223213222
What is 10000100110011100101110 (base 2) in base 11?
2502623
What is -1337564 (base 8) in base 13?
-1025c4
13203422 (base 5) to base 7
1056034
Convert -72644 (base 10) to base 3.
-10200122112
165bf (base 16) to base 12
44bbb
-221313020310 (base 4) to base 5
-10302124443
173512 (base 8) to base 14
190dc
-21121021202 (base 3) to base 4
-210202112
-4297562 (base 10) to base 14
-7dc24a
Convert -474122 (base 8) to base 5.
-20134444
13214304 (base 5) to base 8
402546
-5202164 (base 8) to base 7
-14464506
-1011111100001001101111 (base 2) to base 14
-5b6931
92865b (base 14) to base 16
4b62a9
What is -70353 (base 15) in base 11?
-2228a4
What is -5006855 (base 9) in base 14?
-4d4309
What is 111010001111100000 (base 2) in base 6?
5040240
10022021111 (base 4) to base 12
446a45
Convert -11000001110111010000010 (base 2) to base 14.
-bb50b0
What is 11783a (base 11) in base 5?
21423040
Convert -4164472 (base 8) to base 10.
-1108282
What is 123a63 (base 12) in base 3?
120002102010
Convert -10100100000100100 (base 2) to base 9.
-137207
Convert -5273f2 (base 16) to base 7.
-63634015
3960318 (base 11) to base 13
155bc75
What is -338585 (base 9) in base 2?
-110001100110001000
451032 (base 6) to base 3
1220212202
What is -111202212012020 (base 3) in base 4?
-123322330011
-2203303020 (base 5) to base 14
-8b6cab
-25413426 (base 9) to base 11
-70467a1
Convert -6d808 (base 14) to base 15.
-544e9
What is -49689 (base 10) in base 7?
-264603
What is -1111001000011011011 (base 2) in base 5?
-111331320
What is 695489 (base 11) in base 9?
2064173
What is 131703 (base 11) in base 2?
110010100100110011
What is 825767 (base 11) in base 15?
1b2a10
Convert -22322120 (base 8) to base 12.
-1748b28
-3139a9 (base 12) to base 16
-bced1
Convert 3dce (base 15) to base 9.
20145
-100202022201 (base 3) to base 14
-4dd58
-103005410 (base 7) to base 14
-b542b0
What is -22310200 (base 5) in base 12?
-963a6
1200036 (base 11) to base 12
84b772
1a130 (base 11) to base 13
ca3c
What is -71416520 (base 8) in base 7?
-242120205
Convert -1101010110000100010 (base 2) to base 16.
-6ac22
-20525323 (base 6) to base 7
-5056461
Convert -223012033 (base 5) to base 2.
-11110000100010110100
What is 46341a (base 11) in base 8?
2636444
Convert 3db177 (base 14) to base 11.
1234384
1323414224 (base 5) to base 11
1982833
Convert -32222133330 (base 4) to base 8.
-16523774
-201422 (base 6) to base 5
-1002201
-16a09 (base 13) to base 7
-240440
What is -271ed (base 15) in base 8?
-364613
Convert -4a91 (base 15) to base 10.
-15886
Convert -55045 (base 9) to base 12.
-1914b
What is c096 (base 15) in base 4?
21323001
-b6542 (base 12) to base 7
-2014322
-748462 (base 10) to base 11
-471370
-9313d (base 14) to base 7
-3003506
Convert 1315032 (base 6) to base 8.
215274
Convert -10002012020 (base 3) to base 2.
-1110110011101000
What is -195c8 (base 16) in base 3?
-12021111102
Convert -399503 (base 14) to base 3.
-10201211202122
Convert 139627 (base 11) to base 9.
361567
What is -670672 (base 10) in base 3?
-1021001222201
-120032313101 (base 4) to base 3
-102221201202202
4b3d3 (base 14) to base 4
231010231
Convert 54740d (base 15) to base 9.
7512684
Convert -15ab488 (base 14) to base 13.
-2284268
-43223442 (base 5) to base 10
-367372
-24624 (base 8) to base 9
-15536
1331221023 (base 4) to base 5
112432020
c58 (base 16) to base 14
121a
What is -3917670 (base 10) in base 15?
-525bd0
Convert -1111100110111110 (base 2) to base 7.
-354253
What is 1101010101001101 (base 2) in base 14?
15c85
-24a67 (base 15) to base 10
-117097
What is -865043 (base 11) in base 3?
-2121021001121
Convert -4655022 (base 7) to base 2.
-10001110110111010110
-1010100100010000 (base 2) to base 3
-2012100222
What is 440321000 (base 6) in base 8?
36000030
-1244072 (base 10) to base 14
-245544
Convert -13855 (base 10) to base 13.
-63ca
What is 2979666 (base 10) in base 2?
1011010111011101010010
What is 102121121012 (base 3) in base 8?
676406
What is -4c7785 (base 14) in base 12?
-a6b875
What is -8b0473 (base 12) in base 6?
-115323023
368800 (base 10) to base 2
1011010000010100000
What is 237c1d (base 14) in base 2?
100101000000001000011
64923 (base 13) to base 4
230113020
-211331423 (base 5) to base 4
-3120123120
What is 40020243 (base 5) in base 4?
1030213133
caec0 (base 16) to base 10
831168
What is 51a2 (base 14) in base 12?
8176
What is 44142240 (base 5) in base 13?
104516
What is -1dbe3 (base 16) in base 4?
-131233203
What is -876147 (base 12) in base 15?
-2c5e6a
Convert 120100112201010 (base 3) to base 4.
133020003330
What is -c60c4 (base 13) in base 3?
-200002102221
426003 (base 8) to base 3
21020020211
What is 3744a05 (base 11) in base 16?
634a87
Convert 103213333 (base 4) to base 12.
3a627
Convert -1101001011101011101 (base 2) to base 15.
-87eca
Convert 84487 (base 15) to base 6.
12554131
What is -5653644 (base 9) in base 12?
-102b3a1
-24367104 (base 8) to base 10
-5369412
-201150 (base 7) t